[INFO] fetching crate type-name-derive 0.1.0...
[INFO] checking type-name-derive-0.1.0 against master#9610dfe5a9a731ced1ea4923ecbd0c57fe367898 for beta-170-4
[INFO] extracting crate type-name-derive 0.1.0 into /workspace/builds/worker-5-tc1/source
[INFO] validating manifest of crates.io crate type-name-derive 0.1.0 on toolchain 9610dfe5a9a731ced1ea4923ecbd0c57fe367898
[INFO] running `Command { std: CARGO_HOME="/workspace/cargo-home" RUSTUP_HOME="/workspace/rustup-home" "/workspace/cargo-home/bin/cargo" "+9610dfe5a9a731ced1ea4923ecbd0c57fe367898" "metadata" "--manifest-path" "Cargo.toml" "--no-deps", kill_on_drop: false }`
[INFO] started tweaking crates.io crate type-name-derive 0.1.0
[INFO] finished tweaking crates.io crate type-name-derive 0.1.0
[INFO] tweaked toml for crates.io crate type-name-derive 0.1.0 written to /workspace/builds/worker-5-tc1/source/Cargo.toml
[INFO] running `Command { std: CARGO_HOME="/workspace/cargo-home" RUSTUP_HOME="/workspace/rustup-home" __CARGO_TEST_CHANNEL_OVERRIDE_DO_NOT_USE_THIS="nightly" "/workspace/cargo-home/bin/cargo" "+9610dfe5a9a731ced1ea4923ecbd0c57fe367898" "generate-lockfile" "--manifest-path" "Cargo.toml" "-Zno-index-update", kill_on_drop: false }`
[INFO] running `Command { std: CARGO_HOME="/workspace/cargo-home" RUSTUP_HOME="/workspace/rustup-home" "/workspace/cargo-home/bin/cargo" "+9610dfe5a9a731ced1ea4923ecbd0c57fe367898" "fetch" "--manifest-path" "Cargo.toml", kill_on_drop: false }`
[INFO] running `Command { std: "docker" "create" "-v" "/var/lib/crater-agent-workspace/builds/worker-5-tc1/target:/opt/rustwide/target:rw,Z" "-v" "/var/lib/crater-agent-workspace/builds/worker-5-tc1/source:/opt/rustwide/workdir:ro,Z" "-v" "/var/lib/crater-agent-workspace/cargo-home:/opt/rustwide/cargo-home:ro,Z" "-v" "/var/lib/crater-agent-workspace/rustup-home:/opt/rustwide/rustup-home:ro,Z" "-e" "SOURCE_DIR=/opt/rustwide/workdir" "-e" "CARGO_TARGET_DIR=/opt/rustwide/target" "-e" "CARGO_HOME=/opt/rustwide/cargo-home" "-e" "RUSTUP_HOME=/opt/rustwide/rustup-home" "-w" "/opt/rustwide/workdir" "-m" "1610612736" "--user" "0:0" "--network" "none" "ghcr.io/rust-lang/crates-build-env/linux@sha256:19e73879b68f455e41552ea35293514db52ea292d993f571636dbffedb77a1ee" "/opt/rustwide/cargo-home/bin/cargo" "+9610dfe5a9a731ced1ea4923ecbd0c57fe367898" "metadata" "--no-deps" "--format-version=1", kill_on_drop: false }`
[INFO] [stdout] 9cee6ee82b03af7483be5f23fb7fe6100808720668d6db2d2327be875946c6d3
[INFO] running `Command { std: "docker" "start" "-a" "9cee6ee82b03af7483be5f23fb7fe6100808720668d6db2d2327be875946c6d3", kill_on_drop: false }`
[INFO] running `Command { std: "docker" "inspect" "9cee6ee82b03af7483be5f23fb7fe6100808720668d6db2d2327be875946c6d3", kill_on_drop: false }`
[INFO] running `Command { std: "docker" "rm" "-f" "9cee6ee82b03af7483be5f23fb7fe6100808720668d6db2d2327be875946c6d3", kill_on_drop: false }`
[INFO] [stdout] 9cee6ee82b03af7483be5f23fb7fe6100808720668d6db2d2327be875946c6d3
[INFO] running `Command { std: "docker" "create" "-v" "/var/lib/crater-agent-workspace/builds/worker-5-tc1/target:/opt/rustwide/target:rw,Z" "-v" "/var/lib/crater-agent-workspace/builds/worker-5-tc1/source:/opt/rustwide/workdir:ro,Z" "-v" "/var/lib/crater-agent-workspace/cargo-home:/opt/rustwide/cargo-home:ro,Z" "-v" "/var/lib/crater-agent-workspace/rustup-home:/opt/rustwide/rustup-home:ro,Z" "-e" "SOURCE_DIR=/opt/rustwide/workdir" "-e" "CARGO_TARGET_DIR=/opt/rustwide/target" "-e" "CARGO_INCREMENTAL=0" "-e" "RUST_BACKTRACE=full" "-e" "RUSTFLAGS=--cap-lints=forbid" "-e" "RUSTDOCFLAGS=--cap-lints=forbid" "-e" "CARGO_HOME=/opt/rustwide/cargo-home" "-e" "RUSTUP_HOME=/opt/rustwide/rustup-home" "-w" "/opt/rustwide/workdir" "-m" "1610612736" "--user" "0:0" "--network" "none" "ghcr.io/rust-lang/crates-build-env/linux@sha256:19e73879b68f455e41552ea35293514db52ea292d993f571636dbffedb77a1ee" "/opt/rustwide/cargo-home/bin/cargo" "+9610dfe5a9a731ced1ea4923ecbd0c57fe367898" "check" "--frozen" "--all" "--all-targets" "--message-format=json", kill_on_drop: false }`
[INFO] [stdout] 25ef180105e5e3cb43e34c8c9d682b00c3c8b43b48def2f648a1343bfccd0693
[INFO] running `Command { std: "docker" "start" "-a" "25ef180105e5e3cb43e34c8c9d682b00c3c8b43b48def2f648a1343bfccd0693", kill_on_drop: false }`
[INFO] [stderr]    Compiling proc-macro2 v1.0.59
[INFO] [stderr]    Compiling syn v1.0.109
[INFO] [stderr]    Compiling fnv v1.0.7
[INFO] [stderr]    Compiling strsim v0.10.0
[INFO] [stderr]     Checking unicode-ident v1.0.9
[INFO] [stderr]    Compiling ident_case v1.0.1
[INFO] [stderr]    Compiling quote v1.0.28
[INFO] [stderr]     Checking darling_core v0.13.4
[INFO] [stderr]    Compiling darling_macro v0.13.4
[INFO] [stderr]     Checking darling v0.13.4
[INFO] [stderr]     Checking type-name-derive v0.1.0 (/opt/rustwide/workdir)
[INFO] [stdout] error[E0432]: unresolved import `type_name`
[INFO] [stdout]  --> tests/simple.rs:3:11
[INFO] [stdout]   |
[INFO] [stdout] 3 |     use ::type_name::TypeName;
[INFO] [stdout]   |           ^^^^^^^^^ could not find `type_name` in the list of imported crates
[INFO] [stdout] 
[INFO] [stdout] 
[INFO] [stdout] error[E0432]: unresolved import `type_name`
[INFO] [stdout]  --> tests/generic.rs:3:11
[INFO] [stdout]   |
[INFO] [stdout] 3 |     use ::type_name::TypeName;
[INFO] [stdout]   |           ^^^^^^^^^ could not find `type_name` in the list of imported crates
[INFO] [stdout] 
[INFO] [stdout] 
[INFO] [stdout] error: cannot determine resolution for the derive macro `TypeName`
[INFO] [stdout]  --> tests/simple.rs:4:14
[INFO] [stdout]   |
[INFO] [stdout] 4 |     #[derive(TypeName)]
[INFO] [stdout]   |              ^^^^^^^^
[INFO] [stdout]   |
[INFO] [stdout]   = note: import resolution is stuck, try simplifying macro imports
[INFO] [stdout] 
[INFO] [stdout] 
[INFO] [stdout] error: cannot determine resolution for the derive macro `TypeName`
[INFO] [stdout]  --> tests/generic.rs:4:14
[INFO] [stdout]   |
[INFO] [stdout] 4 |     #[derive(TypeName)]
[INFO] [stdout]   |              ^^^^^^^^
[INFO] [stdout]   |
[INFO] [stdout]   = note: import resolution is stuck, try simplifying macro imports
[INFO] [stdout] 
[INFO] [stdout] 
[INFO] [stdout] error[E0432]: unresolved import `type_name`
[INFO] [stdout]  --> tests/complex.rs:3:11
[INFO] [stdout]   |
[INFO] [stdout] 3 |     use ::type_name::TypeName;
[INFO] [stdout]   |           ^^^^^^^^^ could not find `type_name` in the list of imported crates
[INFO] [stdout] 
[INFO] [stdout] 
[INFO] [stdout] error: cannot determine resolution for the derive macro `TypeName`
[INFO] [stdout]  --> tests/complex.rs:4:14
[INFO] [stdout]   |
[INFO] [stdout] 4 |     #[derive(TypeName)]
[INFO] [stdout]   |              ^^^^^^^^
[INFO] [stdout]   |
[INFO] [stdout]   = note: import resolution is stuck, try simplifying macro imports
[INFO] [stdout] 
[INFO] [stdout] 
[INFO] [stdout] error[E0432]: unresolved import `type_name`
[INFO] [stdout]  --> tests/arguments.rs:3:11
[INFO] [stdout]   |
[INFO] [stdout] 3 |     use ::type_name::TypeName;
[INFO] [stdout]   |           ^^^^^^^^^ could not find `type_name` in the list of imported crates
[INFO] [stdout] 
[INFO] [stdout] 
[INFO] [stdout] error[E0432]: unresolved import `type_name`
[INFO] [stdout]   --> tests/arguments.rs:14:11
[INFO] [stdout]    |
[INFO] [stdout] 14 |     use ::type_name::TypeName;
[INFO] [stdout]    |           ^^^^^^^^^ could not find `type_name` in the list of imported crates
[INFO] [stdout] 
[INFO] [stdout] 
[INFO] [stdout] error[E0432]: unresolved import `type_name`
[INFO] [stdout]   --> tests/arguments.rs:26:11
[INFO] [stdout]    |
[INFO] [stdout] 26 |     use ::type_name::TypeName;
[INFO] [stdout]    |           ^^^^^^^^^ could not find `type_name` in the list of imported crates
[INFO] [stdout] 
[INFO] [stdout] 
[INFO] [stdout] error[E0432]: unresolved import `type_name`
[INFO] [stdout]   --> tests/arguments.rs:38:11
[INFO] [stdout]    |
[INFO] [stdout] 38 |     use ::type_name::TypeName;
[INFO] [stdout]    |           ^^^^^^^^^ could not find `type_name` in the list of imported crates
[INFO] [stdout] 
[INFO] [stdout] 
[INFO] [stdout] error[E0432]: unresolved import `type_name`
[INFO] [stdout]   --> tests/arguments.rs:53:11
[INFO] [stdout]    |
[INFO] [stdout] 53 |     use ::type_name::TypeName;
[INFO] [stdout]    |           ^^^^^^^^^ could not find `type_name` in the list of imported crates
[INFO] [stdout] 
[INFO] [stdout] 
[INFO] [stdout] error[E0432]: unresolved import `type_name`
[INFO] [stdout]   --> tests/arguments.rs:69:11
[INFO] [stdout]    |
[INFO] [stdout] 69 |     use ::type_name::TypeName;
[INFO] [stdout]    |           ^^^^^^^^^ could not find `type_name` in the list of imported crates
[INFO] [stdout] 
[INFO] [stdout] 
[INFO] [stdout] error[E0432]: unresolved import `type_name`
[INFO] [stdout]   --> tests/arguments.rs:83:11
[INFO] [stdout]    |
[INFO] [stdout] 83 |     use ::type_name::TypeName;
[INFO] [stdout]    |           ^^^^^^^^^ could not find `type_name` in the list of imported crates
[INFO] [stdout] 
[INFO] [stdout] 
[INFO] [stdout] error[E0432]: unresolved import `type_name`
[INFO] [stdout]    --> tests/arguments.rs:100:11
[INFO] [stdout]     |
[INFO] [stdout] 100 |     use ::type_name::TypeName;
[INFO] [stdout]     |           ^^^^^^^^^ could not find `type_name` in the list of imported crates
[INFO] [stdout] 
[INFO] [stdout] 
[INFO] [stdout] error[E0432]: unresolved import `type_name`
[INFO] [stdout]    --> tests/arguments.rs:117:11
[INFO] [stdout]     |
[INFO] [stdout] 117 |     use ::type_name::TypeName;
[INFO] [stdout]     |           ^^^^^^^^^ could not find `type_name` in the list of imported crates
[INFO] [stdout] 
[INFO] [stdout] 
[INFO] [stdout] error: cannot determine resolution for the derive macro `TypeName`
[INFO] [stdout]  --> tests/arguments.rs:4:14
[INFO] [stdout]   |
[INFO] [stdout] 4 |     #[derive(TypeName)]
[INFO] [stdout]   |              ^^^^^^^^
[INFO] [stdout]   |
[INFO] [stdout]   = note: import resolution is stuck, try simplifying macro imports
[INFO] [stdout] 
[INFO] [stdout] 
[INFO] [stdout] error[E0432]: unresolved import `type_name`
[INFO] [stdout]  --> tests/lifetime.rs:3:11
[INFO] [stdout]   |
[INFO] [stdout] 3 |     use ::type_name::TypeName;
[INFO] [stdout]   |           ^^^^^^^^^ could not find `type_name` in the list of imported crates
[INFO] [stdout] 
[INFO] [stdout] 
[INFO] [stdout] error: cannot determine resolution for the derive macro `TypeName`
[INFO] [stdout]   --> tests/arguments.rs:15:14
[INFO] [stdout]    |
[INFO] [stdout] 15 |     #[derive(TypeName)]
[INFO] [stdout]    |              ^^^^^^^^
[INFO] [stdout]    |
[INFO] [stdout]    = note: import resolution is stuck, try simplifying macro imports
[INFO] [stdout] 
[INFO] [stdout] 
[INFO] [stdout] error: cannot determine resolution for the derive macro `TypeName`
[INFO] [stdout]  --> tests/lifetime.rs:4:14
[INFO] [stdout]   |
[INFO] [stdout] 4 |     #[derive(TypeName)]
[INFO] [stdout]   |              ^^^^^^^^
[INFO] [stdout]   |
[INFO] [stdout]   = note: import resolution is stuck, try simplifying macro imports
[INFO] [stdout] 
[INFO] [stdout] 
[INFO] [stdout] error[E0599]: no function or associated item named `type_name_static` found for struct `B` in the current scope
[INFO] [stdout]  --> tests/simple.rs:6:29
[INFO] [stdout]   |
[INFO] [stdout] 5 |     struct B {}
[INFO] [stdout]   |     -------- function or associated item `type_name_static` not found for this struct
[INFO] [stdout] 6 |     let type_name = dbg!(B::type_name_static());
[INFO] [stdout]   |                             ^^^^^^^^^^^^^^^^ function or associated item not found in `B`
[INFO] [stdout] 
[INFO] [stdout] 
[INFO] [stdout] error: cannot find attribute `typename` in this scope
[INFO] [stdout]   --> tests/arguments.rs:16:7
[INFO] [stdout]    |
[INFO] [stdout] 16 |     #[typename(type_name = "type_renamed")]
[INFO] [stdout]    |       ^^^^^^^^
[INFO] [stdout] 
[INFO] [stdout] 
[INFO] [stdout] error[E0599]: no function or associated item named `type_name_static` found for struct `A` in the current scope
[INFO] [stdout]  --> tests/complex.rs:6:55
[INFO] [stdout]   |
[INFO] [stdout] 5 |     struct A<'a, 'b, T, S>(&'a T, &'b S);
[INFO] [stdout]   |     ---------------------- function or associated item `type_name_static` not found for this struct
[INFO] [stdout] 6 |     let type_name = A::<&'static u32, &'static bool>::type_name_static();
[INFO] [stdout]   |                                                       ^^^^^^^^^^^^^^^^ function or associated item not found in `A<'_, '_, &u32, &bool>`
[INFO] [stdout] 
[INFO] [stdout] 
[INFO] [stdout] error: cannot determine resolution for the derive macro `TypeName`
[INFO] [stdout]   --> tests/arguments.rs:27:14
[INFO] [stdout]    |
[INFO] [stdout] 27 |     #[derive(TypeName)]
[INFO] [stdout]    |              ^^^^^^^^
[INFO] [stdout]    |
[INFO] [stdout]    = note: import resolution is stuck, try simplifying macro imports
[INFO] [stdout] 
[INFO] [stdout] 
[INFO] [stdout] error[E0599]: no function or associated item named `type_name_static` found for struct `A` in the current scope
[INFO] [stdout]  --> tests/generic.rs:6:36
[INFO] [stdout]   |
[INFO] [stdout] 5 |     struct A<T>(T);
[INFO] [stdout]   |     ----------- function or associated item `type_name_static` not found for this struct
[INFO] [stdout] 6 |     let type_name = dbg!(A::<u32>::type_name_static());
[INFO] [stdout]   |                                    ^^^^^^^^^^^^^^^^ function or associated item not found in `A<u32>`
[INFO] [stdout] 
[INFO] [stdout] 
[INFO] [stdout] error: cannot find attribute `typename` in this scope
[INFO] [stdout]   --> tests/arguments.rs:28:7
[INFO] [stdout]    |
[INFO] [stdout] 28 |     #[typename(crate_name = "crate_renamed")]
[INFO] [stdout]    |       ^^^^^^^^
[INFO] [stdout] 
[INFO] [stdout] 
[INFO] [stdout] error: cannot determine resolution for the derive macro `TypeName`
[INFO] [stdout]   --> tests/arguments.rs:39:14
[INFO] [stdout]    |
[INFO] [stdout] 39 |     #[derive(TypeName)]
[INFO] [stdout]    |              ^^^^^^^^
[INFO] [stdout]    |
[INFO] [stdout]    = note: import resolution is stuck, try simplifying macro imports
[INFO] [stdout] 
[INFO] [stdout] 
[INFO] [stdout] error: cannot find attribute `typename` in this scope
[INFO] [stdout]   --> tests/arguments.rs:40:7
[INFO] [stdout]    |
[INFO] [stdout] 40 |     #[typename(crate_version = "1.2.3")]
[INFO] [stdout]    |       ^^^^^^^^
[INFO] [stdout] 
[INFO] [stdout] 
[INFO] [stdout] error: cannot determine resolution for the derive macro `TypeName`
[INFO] [stdout]   --> tests/arguments.rs:54:14
[INFO] [stdout]    |
[INFO] [stdout] 54 |     #[derive(TypeName)]
[INFO] [stdout]    |              ^^^^^^^^
[INFO] [stdout]    |
[INFO] [stdout]    = note: import resolution is stuck, try simplifying macro imports
[INFO] [stdout] 
[INFO] [stdout] 
[INFO] [stdout] error: cannot find attribute `typename` in this scope
[INFO] [stdout]   --> tests/arguments.rs:55:7
[INFO] [stdout]    |
[INFO] [stdout] 55 |     #[typename(rustc_version = "1.2.3")]
[INFO] [stdout]    |       ^^^^^^^^
[INFO] [stdout] 
[INFO] [stdout] 
[INFO] [stdout] error: cannot determine resolution for the derive macro `TypeName`
[INFO] [stdout]   --> tests/arguments.rs:70:14
[INFO] [stdout]    |
[INFO] [stdout] 70 |     #[derive(TypeName)]
[INFO] [stdout]    |              ^^^^^^^^
[INFO] [stdout]    |
[INFO] [stdout]    = note: import resolution is stuck, try simplifying macro imports
[INFO] [stdout] 
[INFO] [stdout] 
[INFO] [stdout] error: cannot find attribute `typename` in this scope
[INFO] [stdout]   --> tests/arguments.rs:71:7
[INFO] [stdout]    |
[INFO] [stdout] 71 |     #[typename(default_to_none = true)]
[INFO] [stdout]    |       ^^^^^^^^
[INFO] [stdout] 
[INFO] [stdout] 
[INFO] [stdout] error: cannot determine resolution for the derive macro `TypeName`
[INFO] [stdout]   --> tests/arguments.rs:84:14
[INFO] [stdout]    |
[INFO] [stdout] 84 |     #[derive(TypeName)]
[INFO] [stdout]    |              ^^^^^^^^
[INFO] [stdout]    |
[INFO] [stdout]    = note: import resolution is stuck, try simplifying macro imports
[INFO] [stdout] 
[INFO] [stdout] 
[INFO] [stdout] error[E0599]: no function or associated item named `type_name_static` found for struct `A` in the current scope
[INFO] [stdout]  --> tests/lifetime.rs:6:45
[INFO] [stdout]   |
[INFO] [stdout] 5 |     struct A<'a, T>(&'a T);
[INFO] [stdout]   |     --------------- function or associated item `type_name_static` not found for this struct
[INFO] [stdout] 6 |     let type_name = dbg!(A::<&'static u32>::type_name_static());
[INFO] [stdout]   |                                             ^^^^^^^^^^^^^^^^ function or associated item not found in `A<'_, &u32>`
[INFO] [stdout] 
[INFO] [stdout] 
[INFO] [stdout] error: aborting due to 3 previous errors
[INFO] [stdout] 
[INFO] [stdout] 
[INFO] [stdout] error: aborting due to 3 previous errors
[INFO] [stdout] 
[INFO] [stdout] 
[INFO] [stdout] Some errors have detailed explanations: E0432, E0599.
[INFO] [stdout] 
[INFO] [stdout] For more information about an error, try `rustc --explain E0432`.
[INFO] [stdout] 
[INFO] [stdout] Some errors have detailed explanations: E0432, E0599.
[INFO] [stdout] 
[INFO] [stdout] For more information about an error, try `rustc --explain E0432`.
[INFO] [stdout] 
[INFO] [stdout] error: cannot find attribute `typename` in this scope
[INFO] [stdout]   --> tests/arguments.rs:85:7
[INFO] [stdout]    |
[INFO] [stdout] 85 |     #[typename(default_to_none = true, crate_version = "1.2.3")]
[INFO] [stdout]    |       ^^^^^^^^
[INFO] [stdout] 
[INFO] [stdout] 
[INFO] [stdout] error: cannot determine resolution for the derive macro `TypeName`
[INFO] [stdout]    --> tests/arguments.rs:101:14
[INFO] [stdout]     |
[INFO] [stdout] 101 |     #[derive(TypeName)]
[INFO] [stdout]     |              ^^^^^^^^
[INFO] [stdout]     |
[INFO] [stdout]     = note: import resolution is stuck, try simplifying macro imports
[INFO] [stdout] 
[INFO] [stdout] 
[INFO] [stdout] error: cannot find attribute `typename` in this scope
[INFO] [stdout]    --> tests/arguments.rs:102:7
[INFO] [stdout]     |
[INFO] [stdout] 102 |     #[typename(default_to_none = true, rustc_version = "1.2.3")]
[INFO] [stdout]     |       ^^^^^^^^
[INFO] [stdout] 
[INFO] [stdout] 
[INFO] [stdout] error: aborting due to 3 previous errors
[INFO] [stdout] 
[INFO] [stdout] 
[INFO] [stdout] error: cannot determine resolution for the derive macro `TypeName`
[INFO] [stdout]    --> tests/arguments.rs:118:14
[INFO] [stdout]     |
[INFO] [stdout] 118 |     #[derive(TypeName)]
[INFO] [stdout]     |              ^^^^^^^^
[INFO] [stdout]     |
[INFO] [stdout]     = note: import resolution is stuck, try simplifying macro imports
[INFO] [stdout] 
[INFO] [stdout] 
[INFO] [stdout] Some errors have detailed explanations: E0432, E0599.
[INFO] [stdout] 
[INFO] [stdout] For more information about an error, try `rustc --explain E0432`.
[INFO] [stdout] 
[INFO] [stdout] error: cannot find attribute `typename` in this scope
[INFO] [stdout]    --> tests/arguments.rs:119:7
[INFO] [stdout]     |
[INFO] [stdout] 119 |     #[typename(default_to_none = true, crate_name = "test")]
[INFO] [stdout]     |       ^^^^^^^^
[INFO] [stdout] 
[INFO] [stdout] 
[INFO] [stdout] error[E0433]: failed to resolve: could not find `type_name` in the list of imported crates
[INFO] [stdout]   --> tests/arguments.rs:46:17
[INFO] [stdout]    |
[INFO] [stdout] 46 |         &Some(::type_name::TypeNameSemverVersion::new(1, 2, 3)),
[INFO] [stdout]    |                 ^^^^^^^^^ could not find `type_name` in the list of imported crates
[INFO] [stdout] 
[INFO] [stdout] 
[INFO] [stdout] error: aborting due to 3 previous errors
[INFO] [stdout] 
[INFO] [stdout] 
[INFO] [stdout] Some errors have detailed explanations: E0432, E0599.
[INFO] [stdout] 
[INFO] [stdout] For more information about an error, try `rustc --explain E0432`.
[INFO] [stdout] 
[INFO] [stderr] error: could not compile `type-name-derive` (test "simple") due to 4 previous errors
[INFO] [stderr] warning: build failed, waiting for other jobs to finish...
[INFO] [stderr] error: could not compile `type-name-derive` (test "complex") due to 4 previous errors
[INFO] [stdout] error[E0433]: failed to resolve: could not find `type_name` in the list of imported crates
[INFO] [stdout]   --> tests/arguments.rs:61:17
[INFO] [stdout]    |
[INFO] [stdout] 61 |         &Some(::type_name::TypeNameSemverVersion::new(1, 2, 3)),
[INFO] [stdout]    |                 ^^^^^^^^^ could not find `type_name` in the list of imported crates
[INFO] [stdout] 
[INFO] [stdout] 
[INFO] [stdout] error[E0433]: failed to resolve: could not find `type_name` in the list of imported crates
[INFO] [stdout]   --> tests/arguments.rs:91:17
[INFO] [stdout]    |
[INFO] [stdout] 91 |         &Some(::type_name::TypeNameSemverVersion::new(1, 2, 3)),
[INFO] [stdout]    |                 ^^^^^^^^^ could not find `type_name` in the list of imported crates
[INFO] [stdout] 
[INFO] [stdout] 
[INFO] [stderr] error: could not compile `type-name-derive` (test "generic") due to 4 previous errors
[INFO] [stdout] error[E0433]: failed to resolve: could not find `type_name` in the list of imported crates
[INFO] [stdout]    --> tests/arguments.rs:108:17
[INFO] [stdout]     |
[INFO] [stdout] 108 |         &Some(::type_name::TypeNameSemverVersion::new(1, 2, 3)),
[INFO] [stdout]     |                 ^^^^^^^^^ could not find `type_name` in the list of imported crates
[INFO] [stdout] 
[INFO] [stdout] 
[INFO] [stderr] error: could not compile `type-name-derive` (test "lifetime") due to 4 previous errors
[INFO] [stdout] error[E0599]: no function or associated item named `type_name_static` found for struct `arguments_no::B` in the current scope
[INFO] [stdout]  --> tests/arguments.rs:6:29
[INFO] [stdout]   |
[INFO] [stdout] 5 |     struct B {}
[INFO] [stdout]   |     -------- function or associated item `type_name_static` not found for this struct
[INFO] [stdout] 6 |     let type_name = dbg!(B::type_name_static());
[INFO] [stdout]   |                             ^^^^^^^^^^^^^^^^ function or associated item not found in `B`
[INFO] [stdout] 
[INFO] [stdout] 
[INFO] [stdout] error[E0599]: no function or associated item named `type_name_static` found for struct `arguments_type_name::B` in the current scope
[INFO] [stdout]   --> tests/arguments.rs:18:29
[INFO] [stdout]    |
[INFO] [stdout] 17 |     struct B {}
[INFO] [stdout]    |     -------- function or associated item `type_name_static` not found for this struct
[INFO] [stdout] 18 |     let type_name = dbg!(B::type_name_static());
[INFO] [stdout]    |                             ^^^^^^^^^^^^^^^^ function or associated item not found in `B`
[INFO] [stdout] 
[INFO] [stdout] 
[INFO] [stdout] error[E0599]: no function or associated item named `type_name_static` found for struct `arguments_crate_name::B` in the current scope
[INFO] [stdout]   --> tests/arguments.rs:30:29
[INFO] [stdout]    |
[INFO] [stdout] 29 |     struct B {}
[INFO] [stdout]    |     -------- function or associated item `type_name_static` not found for this struct
[INFO] [stdout] 30 |     let type_name = dbg!(B::type_name_static());
[INFO] [stdout]    |                             ^^^^^^^^^^^^^^^^ function or associated item not found in `B`
[INFO] [stdout] 
[INFO] [stdout] 
[INFO] [stdout] error[E0599]: no function or associated item named `type_name_static` found for struct `arguments_crate_version::B` in the current scope
[INFO] [stdout]   --> tests/arguments.rs:42:29
[INFO] [stdout]    |
[INFO] [stdout] 41 |     struct B {}
[INFO] [stdout]    |     -------- function or associated item `type_name_static` not found for this struct
[INFO] [stdout] 42 |     let type_name = dbg!(B::type_name_static());
[INFO] [stdout]    |                             ^^^^^^^^^^^^^^^^ function or associated item not found in `B`
[INFO] [stdout] 
[INFO] [stdout] 
[INFO] [stdout] error[E0599]: no function or associated item named `type_name_static` found for struct `arguments_rustc_version::B` in the current scope
[INFO] [stdout]   --> tests/arguments.rs:57:29
[INFO] [stdout]    |
[INFO] [stdout] 56 |     struct B {}
[INFO] [stdout]    |     -------- function or associated item `type_name_static` not found for this struct
[INFO] [stdout] 57 |     let type_name = dbg!(B::type_name_static());
[INFO] [stdout]    |                             ^^^^^^^^^^^^^^^^ function or associated item not found in `B`
[INFO] [stdout] 
[INFO] [stdout] 
[INFO] [stdout] error[E0599]: no function or associated item named `type_name_static` found for struct `arguments_default_to_none::B` in the current scope
[INFO] [stdout]   --> tests/arguments.rs:73:29
[INFO] [stdout]    |
[INFO] [stdout] 72 |     struct B {}
[INFO] [stdout]    |     -------- function or associated item `type_name_static` not found for this struct
[INFO] [stdout] 73 |     let type_name = dbg!(B::type_name_static());
[INFO] [stdout]    |                             ^^^^^^^^^^^^^^^^ function or associated item not found in `B`
[INFO] [stdout] 
[INFO] [stdout] 
[INFO] [stdout] error[E0599]: no function or associated item named `type_name_static` found for struct `arguments_default_to_none_crate_version::B` in the current scope
[INFO] [stdout]   --> tests/arguments.rs:87:29
[INFO] [stdout]    |
[INFO] [stdout] 86 |     struct B {}
[INFO] [stdout]    |     -------- function or associated item `type_name_static` not found for this struct
[INFO] [stdout] 87 |     let type_name = dbg!(B::type_name_static());
[INFO] [stdout]    |                             ^^^^^^^^^^^^^^^^ function or associated item not found in `B`
[INFO] [stdout] 
[INFO] [stdout] 
[INFO] [stdout] error[E0599]: no function or associated item named `type_name_static` found for struct `arguments_default_to_none_rustc_version::B` in the current scope
[INFO] [stdout]    --> tests/arguments.rs:104:29
[INFO] [stdout]     |
[INFO] [stdout] 103 |     struct B {}
[INFO] [stdout]     |     -------- function or associated item `type_name_static` not found for this struct
[INFO] [stdout] 104 |     let type_name = dbg!(B::type_name_static());
[INFO] [stdout]     |                             ^^^^^^^^^^^^^^^^ function or associated item not found in `B`
[INFO] [stdout] 
[INFO] [stdout] 
[INFO] [stdout] error[E0599]: no function or associated item named `type_name_static` found for struct `arguments_default_to_none_crate_name::B` in the current scope
[INFO] [stdout]    --> tests/arguments.rs:121:29
[INFO] [stdout]     |
[INFO] [stdout] 120 |     struct B {}
[INFO] [stdout]     |     -------- function or associated item `type_name_static` not found for this struct
[INFO] [stdout] 121 |     let type_name = dbg!(B::type_name_static());
[INFO] [stdout]     |                             ^^^^^^^^^^^^^^^^ function or associated item not found in `B`
[INFO] [stdout] 
[INFO] [stdout] 
[INFO] [stdout] error: aborting due to 39 previous errors
[INFO] [stdout] 
[INFO] [stdout] 
[INFO] [stdout] Some errors have detailed explanations: E0432, E0433, E0599.
[INFO] [stdout] 
[INFO] [stdout] For more information about an error, try `rustc --explain E0432`.
[INFO] [stdout] 
[INFO] [stderr] error: could not compile `type-name-derive` (test "arguments") due to 40 previous errors
[INFO] running `Command { std: "docker" "inspect" "25ef180105e5e3cb43e34c8c9d682b00c3c8b43b48def2f648a1343bfccd0693", kill_on_drop: false }`
[INFO] running `Command { std: "docker" "rm" "-f" "25ef180105e5e3cb43e34c8c9d682b00c3c8b43b48def2f648a1343bfccd0693", kill_on_drop: false }`
[INFO] [stdout] 25ef180105e5e3cb43e34c8c9d682b00c3c8b43b48def2f648a1343bfccd0693
